b/6 - ((-39)/9 + 5).
13
Suppose 2*d - 12*j + 14*j = 54, d - 2*j = 15. Suppose 5*q - 1803 = v, -q = -28*v + d*v - 351. Calculate the remainder when q is divided by 52.
49
Let u be (-10)/35 - (5 + (-412)/(-28)). What is the remainder when 2694/(-4)*(u/15)/2 is divided by 15?
14
Suppose 284*l + 2872 = -286*l + 578*l. What is the remainder when l is divided by 83?
27
Suppose 0 = -7*f - 9*f + 48. Suppose y = 4*s - 174 - 65, 0 = -f*s + 2*y + 183. Calculate the remainder when 113 is divided by s.
54
Let u(m) = -18 - 50 + 50*m + 173 + 120 + 48. Calculate the remainder when 47 is divided by u(-5).
1
Suppose 196*v - 199*v = -405. Suppose 138*z - 162 = v*z. What is the remainder when 265 is divided by z?
49
Suppose -19*g + 25214 = 9*g - 24234. Calculate the remainder when g is divided by 136.
134
What is the remainder when (1 + 114/(-110))*-5 + (-24401320)/(-5335) is divided by 16?
14
Let f = 2240 - 2237. What is the remainder when 477 is divided by f?
0
Suppose 0 = -3*n - 2*g - 84, 5*n + 127 = 5*g - 4*g. Calculate the remainder when 47 is divided by 46/(-299) + (-446)/n.
13
Let w(y) = 4 - 14*y - 59 - 42. Calculate the remainder when w(-10) is divided by 7.
1
Let t(b) = b**2 + 4*b - 2. Suppose 225 = v - 4*x, -2*v + 5*x - 270 = -3*v. Let i = v + -241. Calculate the remainder when t(-6) is divided by i.
2
Let k be (-385)/33 - 3/9. Let c be 4/16 + 1575/k. What is the remainder when c*5/10*-2 is divided by 19?
17
Suppose 24 = -12*v - 0. What is the remainder when 16 is divided by ((-160)/176)/(v/22)?
6
Let r(s) = 23*s - 10*s + s**2 - 10*s - 18*s**3 + 1. Suppose -19*i + l = -15*i - 134, -10 = 5*l. What is the remainder when i is divided by r(-1)?
16
Let o(p) = 12*p - 6. Let r be o(4). Let i = r - -90. Suppose -4*h + 24 = -i. Calculate the remainder when h is divided by 14.
11
Suppose 9 = -2*s - 3*m + 54, 4*m - 100 = -4*s. What is the remainder when 39 is divided by (-6)/((-36)/s)*3?
9
Suppose 4 = -4*y, -2*s + 5*y = -3*s + 4. What is the remainder when 198 is divided by 1 - (-13*s)/3?
38
Calculate the remainder when 826 is divided by 20 - 4920/(30/(-2)).
130
Let r = 37 - 15. Let v = 502 + -469. Let b = v - r. What is the remainder when 21 is divided by b?
10
Let q be (6/8)/((-4)/(-16)). Suppose 7*k - q*k = 384. What is the remainder when k is divided by 29?
9
Suppose -9*b - 126 = 12*b. Let v(u) = -u**2 - 15*u - 38. Calculate the remainder when 19 is divided by v(b).
3
Let o(u) = 183*u - 4934. Calculate the remainder when 75 is divided by o(27).
5
Suppose -235 = 3*t - 8*t. Suppose 2*l = 10*h + 9*h - 863, -h = 3*l - 33. What is the remainder when t is divided by h?
2
Suppose 0 = -43*h + 32*h + 5*a + 151, 0 = -4*h - 5*a + 14. Calculate the remainder when (-3)/(-2) + (-4071)/(-6) is divided by h.
9
Let k(y) = 15*y. Suppose -20*r = 19*r + 31*r - 350. Calculate the remainder when k(2) is divided by r.
0
Suppose c - 4*v = 51, -2*c = 2*c - 2*v - 204. Let m = -71 - -79. Suppose -12*s + m*s + 52 = 0. What is the remainder when c is divided by s?
12
Suppose 0 = 2*j + 3*s - 969, -2*j + 3*s + 1328 = 377. Let m = j - 438. What is the remainder when m is divided by 19?
4
What is the remainder when -1*(-10)/(-5)*-1826 is divided by 126?
124
Let h(k) = 11 + 12 + 104*k - 2 - 123*k. What is the remainder when 9 is divided by h(1)?
1
Let f = -7 + 7. Suppose 2*w = w + 4*k + 30, -k - 95 = -2*w. What is the remainder when w is divided by (f - 4/6)/(20/(-390))?
11
Suppose 1576*s = 1565*s + 1881. Calculate the remainder when 526 is divided by s.
13
Suppose 0*w = -9*w + 126. Suppose 3*i - 58 = w. Calculate the remainder when -3 + (-13)/(-4) + (-271)/(-4) is divided by i.
20
Suppose -21 = -3*c - 9. Let p = 30 - 80. Let z = -28 - p. Calculate the remainder when z is divided by c.
2
Let v(s) = 2*s**3 + s. Let f = -19457 + 19474. What is the remainder when f is divided by v(1)?
2
Suppose 8*o + 3*o = 68002. What is the remainder when o is divided by 13?
7
Let o = 12821 - 5352. What is the remainder when o is divided by 53?
49
Suppose -297*r + 4042885 + 240041 = -6961197. What is the remainder when r is divided by 15?
14
Suppose -z + 116 = 4*q, 14*q = 5*z + 11*q - 603. What is the remainder when 135 is divided by z?
15
Let g = 1925 - 1846. Let i = 208 - 76. Suppose 5*l - i = -3*t, 4*l - 4*t = -t + 111. Calculate the remainder when g is divided by l.
25
Let u = -701 + 855. Let t(h) = -h**3 - h**2 - h + 19. Let y be t(0). Suppose -20 - y = -3*x. What is the remainder when u is divided by x?
11
Suppose 0 = 2*i - 2*d - 36, 84 - 32 = 3*i - d. Suppose y + 31 + i = 2*k, 0 = 2*k - 5*y - 64. What is the remainder when 130 is divided by k?
20
Let p = -15276 - -15702. What is the remainder when p is divided by 144?
138
Let b(u) = -u**3 - 20*u**2 - 15*u + 19. Let m be b(-20). Let n = 736 - m. Calculate the remainder when n is divided by 22.
21
Let m = -736 - -985. What is the remainder when m is divided by 42?
39
Let d = 28951 + -27219. Calculate the remainder when d is divided by 1730.
2
Suppose 3*p = -0*p + 57. Suppose 140 = p*t - 5*t. Let a = -7 - -36. Calculate the remainder when a is divided by t.
9
Let y(d) = -d**3 - 16*d**2 - 15*d + 4. Let r be y(-15). Suppose -56 = 49*o - 53*o - 2*v, -4*o - r*v + 48 = 0. Calculate the remainder when 140 is divided by o.
12
Let z = -7889 - -7962. Suppose 5*k = 477 - 1937. Calculate the remainder when z is divided by 4/10 + k/(-20).
13
Let x = 3730 + -3009. Calculate the remainder when x is divided by 16.
1
Suppose -246 = -2*o - 5*d, 5*d = 16 - 46. Calculate the remainder when 522 is divided by o.
108
Let f(u) = 2*u**2. Let s be f(-1). Suppose 220 + 243 = 5*t + s*j, 0 = 2*t + 4*j - 198. What is the remainder when t is divided by ((-6)/(-9))/(2/93)?
29
Suppose 178*l - 186*l + 36520 = 0. Calculate the remainder when l is divided by 40.
5
Suppose 2*g + 13*p = 10*p + 415, -215 = -g - 3*p. What is the remainder when 712 is divided by g?
112
Suppose -4*c = 3*w - w, -5*c + 5*w = 15. Calculate the remainder when 1 - (22/c + -6) is divided by 16.
13
Let t(z) = z + 16. Let u = 81 - 79. Suppose u*c + 9*c - 33 = 0. What is the remainder when 33 is divided by t(c)?
14
Let i = 29 - 97. Let c = -55 - i. Suppose 0 = -v - 3*b + 38, 6*v - 76 = 4*v + 2*b. What is the remainder when v is divided by c?
12
Suppose -3*g = 9*g - 1908. Let s = -476 - -497. Calculate the remainder when g is divided by s.
12
Let i = -12097 - -12392. What is the remainder when 615 is divided by i?
25
Let q = -2571 - -2728. What is the remainder when 164 is divided by q?
7
Suppose 151044 = -979*a + 1225*a. Calculate the remainder when a is divided by 558.
56
Let y = 137 + 117. What is the remainder when y is divided by 4?
2
Suppose 2*a - 1460 = -3*x + 444, -a - x = -949. Calculate the remainder when a is divided by 96.
79
Let p = 2381 + -2374. What is the remainder when 1399 is divided by p?
6
Suppose 2*h = -49*v + 45*v + 32, -6 = 3*h. What is the remainder when ((-96)/40)/(1/(-5)) is divided by v?
3
Let h(k) = -1. Let u be ((-1)/((-5)/4))/(1/(-5)). Let t(c) = 4*c**2 - 5*c. Let l(x) = u*h(x) + t(x). What is the remainder when l(3) is divided by 15?
10
Let l = 1236 - 739. Let r be l/14 - 2/4. Suppose 0 = 5*a + p - r, a - 9 = p + 4. What is the remainder when 10 is divided by a?
2
Suppose 3*u = -4*f + 96, 0 = -5*f + 267*u - 263*u + 58. Calculate the remainder when ((-35)/(-2) - -2)*8 is divided by f.
12
Let t(y) = 8*y**2 - 14*y - 5. Let q be t(3). Suppose -2*v + 93 = x, 2*x - 195 = 4*v - q. What is the remainder when x is divided by 30?
29
Let v(p) = p**2 - 2*p - 29. Let g be v(7). What is the remainder when 121 is divided by 3/g - (-153)/6?
17
Suppose -417 = 3*q - 4*f - 645, -4*q = -f - 252. What is the remainder when ((-18)/4)/((-3)/80) is divided by q?
0
Suppose 2*c = -2*f - c, 5*f - 4*c + 23 = 0. Calculate the remainder when 14 is divided by 15 - (4 + (f - -5)).
5
Let j = 1 - 10. Suppose 8*s = 25*s + 34. What is the remainder when (j/s)/(4 - 375/96) is divided by 7?
6
Let f(x) = -24*x + 7*x + 25 + 4*x**2 + 9 - 2*x**2 + 26. What is the remainder when f(13) is divided by 37?
29
Let l = -136 - -145. Let r be 2*1/(-2) - 4. Let m = l - r. What is the remainder when m is divided by 4?
2
Let d be ((-23)/7 + 5)*14/4. Let o be (8/d)/(48/1656). Suppose 32 = 3*z - 2*j, 9*z - 4*z + 4*j - o = 0. Calculate the remai